Give g(f).
-9
Let s(h) = -h + 1. Let r be s(-5). Let f = r + -4. Let p(d) be the first derivative of d**3 + 1. What is p(f)?
12
Let q(a) be the second derivative of a**6/720 - a**5/120 + 2*a**4/3 + 2*a. Let o(w) be the third derivative of q(w). What is o(4)?
3
Let q(s) be the first derivative of -6*s - 1/3*s**3 - 1/4*s**4 - 2 - 1/2*s**2. What is q(0)?
-6
Let w(h) = h**3 - 9*h**2 + 3*h - 8. Let t be w(9). Let d = -24 + t. Let l(y) = -y**2 - 5*y + 6. Calculate l(d).
6
Let a = 5 - 0. Suppose -4*q + 9 = 4*y - 19, 0 = -a*q + 2*y + 14. Let t = q - 5. Let s(i) = 4*i**3 - 1. Calculate s(t).
-5
Let x(y) = 4*y - 7. Let r(t) = t + 5 + 5 - 13*t + 10. Let o(b) = -6*r(b) - 17*x(b). Determine o(2).
7
Let o = 101 - 99. Let s(n) = -n**2 + 4*n. Give s(o).
4
Let o(w) = 1 + 3*w**2 - 6*w**2 + w**2 + 3*w**2 + 7*w**3 + w. Let h(g) = g**3 + 7*g**2 + 5*g - 7. Let z = -9 - -3. Let m be h(z). Calculate o(m).
-6
Let l = 7 - 13. Let u(g) = g**3 + 6*g**2 - 2*g + 5. Determine u(l).
17
Let z be 0 - (1 + -1) - -4. Suppose 0 = 2*b + 3*c - 14, -3*c + 16 = z*b. Let o(i) be the second derivative of -7*i**4/12 + i**3/6 + i. Calculate o(b).
-6
Let t(s) = -2*s**2 + 5*s. Let g(r) = -r**2 + 6*r. Let u(n) = -5*g(n) + 6*t(n). Determine u(1).
-7
Let a(t) = 6*t - 6. Let y(n) = -2*n - 2*n - n + 5. Let i(s) = 4*a(s) + 5*y(s). Determine i(-4).
5
Suppose 7*d + 5 = -30. Let r(q) = q**3 + 4*q**2 - 5*q + 1. What is r(d)?
1
Let j(u) = -3*u**2 - u - 1. Suppose -6 = 5*v - 8*v. Determine j(v).
-15
Let t(r) be the first derivative of r**4/4 + r**3/3 - r + 7. Calculate t(0).
-1
Let m be -3*(-4)/12 - -3. Suppose 0 = -4*q + 8 + m. Let h(j) = -j**3 + 5*j**2 - 2*j - 1. What is h(q)?
11
Let r(h) = -h - 4. Let u(p) = 2*p + 9. Let z(t) = -13*r(t) - 6*u(t). Let d = 1 + 3. Calculate z(d).
2
Let u(s) = s - 4 - 9*s + 3. Let p(m) = m**3 - 2*m**2 + m - 1. Let k be p(1). Give u(k).
7
Let s(o) be the third derivative of -o**5/60 - o**4/6 - o**3/3 - 4*o**2. Let l be -1*3*1/1. Give s(l).
1
Let c(m) = -50*m**3 + 11*m**2 + 11*m + 6. Let r(s) = -10*s**3 + 2*s**2 + 2*s + 1. Let b(p) = -2*c(p) + 11*r(p). Give b(-1).
9
Let m(d) = -d**2 - 8*d + 20. Let t be m(-10). Let i(n) be the third derivative of -2*n**2 + 0 - 7/24*n**4 + t*n + 5/6*n**3 + 1/30*n**5. Determine i(4).
9
Suppose -2*a + k + 16 = 0, 7*a + 4*k = 2*a + 14. Suppose -m + 3*m = -a. Let t(h) = -3*h + 1. Let d(v) = -2*v + 1. Let l(y) = m*t(y) + 4*d(y). What is l(-2)?
-1
Let f(o) be the second derivative of -o**5/20 - 5*o**4/12 - o**3/2 + 5*o**2/2 + 7*o. Calculate f(-4).
1
Let q(g) = -8*g - 1. Let v be 3/(-6)*(2 + 0). Let p be v/(-3)*3 + -5. Let y be 3/p + 5/(-20). Calculate q(y).
7
Let g(l) = -l**2 - 5*l - 5. Let q(p) = -3*p - 65. Let c be q(-20). Calculate g(c).
-5
Let s(h) = h**3 + 4 - 69*h**2 - 2 + 67*h**2 - h. Suppose 0 = 4*c + c + 10. Let f be (-4)/(-3) + c/(-3). Calculate s(f).
0
Suppose -11 = -5*x + 9. Let t(q) be the third derivative of -q**4/8 + q**3/2 + q**2. Determine t(x).
-9
Let l be (-4 - -2) + 0 + 0. Let d(a) = -a. Let x be d(6). Let n = l - x. Let o(q) = q**3 - 4*q**2 + q + 2. Determine o(n).
6
Let x(l) = -l. Let f(m) = -m. Let c(d) = 10*f(d) - 5*x(d). Let v(r) = -2*r - 7. Let i be v(-4). Determine c(i).
-5
Let p = 43 - 39. Let i(l) = -l**3 + 3*l**2 + l - 3. Determine i(p).
-15
Let g(d) = -4*d**3 - 2*d + 1. Suppose -2*j - 3 = -1. Let f be 0 + j - (-1 + -1). Let y be g(f). Let v(w) = w**2 + 6*w + 1. What is v(y)?
-4
Suppose 5 = -3*s - m - m, -4*s - 8 = 2*m. Let v(u) = u**3 + 2*u**2 - 3*u - 3. What is v(s)?
-3
Suppose -5*l = c - 19, -l - 2*c + 11 = -0*c. Let b be 1/l + 8/3. Let k(z) = -z**2 + b - z**3 + 0*z**3 - 1. Give k(-2).
6
Let p(g) = g - 1. Let l be p(4). Let v(i) = 4*i**2 + 2 - 2*i**2 - l*i**2 - 2*i + 0. What is v(-3)?
-1
Let k(q) = q**3 + 9*q**2 + 7*q + 1. Let w be 2/7 - 870/105. What is k(w)?
9
Let x(y) = y**2 - 11*y + 11. Let p(n) = -n**3 - 6*n**2 - 6*n + 5. Let m be p(-5). Let f be x(m). Let r(t) = -5*t. Determine r(f).
-5
Let n(d) = 4*d + 1. Suppose -2*y + f = -7*y - 1, 12 = 4*y + 4*f. Calculate n(y).
-3
Let s(i) = 57*i - 1 - i**2 - 51*i - 5. Calculate s(5).
-1
Let s(n) = -n. Let h(v) = -6*v + 7. Let p(z) = h(z) - 5*s(z). Let w be 1*-3*(1 + -4). Let u = w - 4. What is p(u)?
2
Let b(d) = 2*d**2 - 3*d + d**2 + 1 + d + 4*d. Give b(2).
17
Let t(p) = -2*p + 2 - p + 4*p + 2. What is t(3)?
7
Let o(g) be the first derivative of g**2/2 + 5*g + 7. Let l be 2/(-4) + 9/(-2). Give o(l).
0
Let g be (-2 + 4)*(-1)/2. Let m(l) be the first derivative of -l**4 - l**3/3 + l + 26. What is m(g)?
4
Let d be -2*(-1 + (-9)/3). Let z(j) = 0 - d*j + 2*j**3 - 3*j**3 + 7*j - 4. Determine z(0).
-4
Let o(w) = -2*w**3 + w**2 - w - 1. Let l be o(-1). Suppose 0*i = -l*i - 6. Let z(p) = -3*p + 1. Give z(i).
7
Let f(w) be the third derivative of -w**5/60 + w**4/24 + w**3/6 + w**2. Let i(a) = a + 3. Let x be i(-3). What is f(x)?
1
Let m be (-66)/(-15) - (-14)/(-35). Let g(u) be the second derivative of -u**4/12 + u**3/2 + u**2 - u. Let y be g(m). Let h(z) = z**2 + 5*z + 3. What is h(y)?
-3
Let b be (-6)/(-8) - (172/16 - 4). Let i(a) = a + 1. Let c(k) = k + 1. Let f(t) = 2*c(t) - i(t). Determine f(b).
-5
Let g = 51 + -31. Suppose -g = -q - 4*q. Let k(y) = -y**2 + 8*y - 4. What is k(q)?
12
Let b(x) = -1 + 0 + 34*x - 33*x. Determine b(5).
4
Let m(b) = -b**3 - 6*b**2 - 6. Let n be 2/(0 - -2) + -7. Determine m(n).
-6
Let h(u) = -2*u**2 - 7*u - 2. Suppose 2 = 2*y + 12. Give h(y).
-17
Let o(t) = -t + 12. Let p(r) = -3*r + 35. Let x(u) = 17*o(u) - 6*p(u). Let g(a) = a - 2*a + 2*a. Let h be g(5). Determine x(h).
-1
Let w(q) = 3*q**3 - 3*q**3 + 27*q - 7*q**2 - 18*q - q**3 + 1. Give w(-8).
-7
Let q(f) be the second derivative of -f**3/3 + f**2 - 19*f. Give q(3).
-4
Let i(a) = -5*a - a**2 + 7*a - 8*a - 4. Determine i(-4).
4
Let k(v) = 7*v**3 + 1. Let s = 8 + -6. Suppose 4 = o - 5*o + 4*w, -s*o + 5*w = 2. Give k(o).
-6
Let y(h) be the first derivative of h**3 - 6*h + 3/2*h**2 - 1/4*h**4 - 2. Calculate y(4).
-10
Let v(d) = -d**2 - 7*d + 5. Let c be v(-8). Let y = c + 1. Let b(s) = s**2 - 4*s - 2. Let m(u) = -u**2 + 2*u + 1. Let w(a) = -b(a) - 2*m(a). What is w(y)?
4
Suppose -4*i = 1 - 5. Let x(b) = -b**2. Let q be x(i). Let a(r) = 6*r**3 - r**2 - 2*r - 1. What is a(q)?
-6
Let q(c) = -c**3 - c**2 + 2*c. Suppose 58 = 2*h + 10. Let m be h/9 - 6/9. Determine q(m).
-8
Let j(p) be the second derivative of p**4/12 + 2*p**3/3 + p**2 + 32*p. Let a(x) = x**3 + 6*x**2 + 6*x + 2. Let o be a(-5). Give j(o).
-1
Let a(t) = -2*t**2 - 3*t + 3. Let z(x) = -x**2 - x + 1. Let b(c) = -2*a(c) + 7*z(c). Determine b(1).
-3
Let h(m) = 3*m + 2 - 7*m + 0*m. Let y(i) = 2*i**2 - 3*i + 3. Let r be y(2). Suppose 5*l - 4 = r*n - 19, 5*l - 1 = -3*n. Calculate h(n).
-6
Suppose 7 = -3*q + 4*q. Let y = q + -3. Suppose 2*r + 12 = 2*b + y*r, -5*r = -2*b - 16. Let l(x) = -3*x + 3. Give l(b).
-3
Let c be 9/(45/(-20)) - -2. Let d(r) = -2*r - 1. Give d(c).
3
Let x(n) = -3 + n + 2 + n. Suppose -6*y - g = -y - 35, 4*y - g = 19. Give x(y).
11
Suppose b = -b + 10. Suppose 3*j + b*d = 26, 0 = 5*j - 0*d + 4*d - 26. Let t(o) = -j*o**2 + 8 - 4 + o**2 + 3*o. Determine t(5).
-6
Let n(p) = -p - 5. Let w be n(0). Let r(x) = 5*x**3 - 9*x**2 + 5*x. Let y(d) = -4*d**3 + 8*d**2 - 4*d. Let g(q) = w*r(q) - 6*y(q). What is g(-3)?
3
Suppose -5*n - 3 = -j, n = 5*j - 2*j - 9. Let f(y) = -5*y - 1. Let m(k) = -k - 1. Let g(a) = -f(a) + 6*m(a). Determine g(n).
-5
Suppose -12*g = -15*g - 18. Let h(z) = z**2 + 6*z + 4. What is h(g)?
4
Let m be -2 - 2*(0 + -3 - 0). Let i(k) = 4 - 12 + k - 1. Calculate i(m).
-5
Suppose 2*a + 7 = -3*c, -4*a - 12 = -2*c + 6*c. Let o = -1 + c. Let h(j) = 2*j - 1. Calculate h(o).
-5
Let x(k) = -11*k. Let w be x(4). Let v be (-1)/(-3) + w/(-12). Let j(b) = -2*b + 4. What is j(v)?
-4
Let a(d) = -d + 5. Suppose -3*q = -21 + 3. Determine a(q).
-1
Suppose 0 = -5*g - v - 11, 4*v - 19 = g - 0*g. Let j(k) = -k**2 - 5*k. Calculate j(g).
6
Let p(k) = k + 1. Let b(r) = r + 9. Let g(w) = -b(w) + 2*p(w). Let n(o) = o - 14. Let s be n(6). Let j be (-12)/s + 3/(-2). What is g(j)?
-7
Let t(q) = -q**3 - 3*q**2 - 2*q - 2. Suppose -3*c = 2*j - 0*j + 2, 0 = -2*c - 5*j - 5. Suppose 3*i - 4*g - 11 = c, -g - 3*g = -2*i + 14. What is t(i)?
4
Let m(x) = x**2 + x - 3. Let c = -27 + 24. Determine m(c).
3
Let n(s) = -5*s + 1. Suppose 4*k = 5 + 3. Let p 